 - 13. What is the remainder when 28 is divided by f?
13
What is the remainder when (-8)/6*-6*(-9)/(-2) is divided by 10?
6
What is the remainder when (-4 - -3) + 1 + (-44)/(-1) is divided by 12?
8
Let g = -11 + 16. Suppose 2*b - 2*y = 52, -b + 25 = 5*y + g. Calculate the remainder when 10/b - (-196)/10 is divided by 11.
9
Suppose -103 = -g - 3*n, 559 = -0*g + 5*g + 4*n. Let k = -76 + g. Suppose 2*m = -m + k. What is the remainder when 36 is divided by m?
10
Calculate the remainder when 26 is divided by 70/7 + (1/1 - -1).
2
Let s = -3 + 3. Let m = s + 11. Let q = m - 0. Calculate the remainder when 20 is divided by q.
9
Suppose -5*q + 31 + 39 = 0. What is the remainder when 69 is divided by q?
13
Let v(y) = y**2 + 8*y. Let t be v(-8). Suppose 3*g + 3*p - 18 = t, -3*g + 0*g = -3*p. What is the remainder when 3 is divided by g?
0
Suppose 3*w - 7 = 29. Calculate the remainder when 40 is divided by w.
4
Let v(k) = k**3 - 13*k**2 - 14*k + 5. What is the remainder when 54 is divided by v(14)?
4
Let j be (6/5)/(6/(-15)). Let q be -2 - (j - (1 + -2)). Suppose q = -5*m + 107 - 37. What is the remainder when 40 is divided by m?
12
Suppose 5*g - 26 + 6 = 0, x + 5*g + 3 = 0. Let p = 42 + x. Calculate the remainder when p is divided by 5.
4
Let p(v) = 9*v**2 + 3*v - 1. Let l(f) = 2*f**2. Let u be l(-1). Calculate the remainder when p(u) is divided by 0 - 5/((-10)/28).
13
Let y(x) = 4*x**3 + 4*x**2 + 9*x - 6. Let z(b) = 5*b**3 + 3*b**2 + 10*b - 6. Let j(n) = 4*y(n) - 3*z(n). Calculate the remainder when j(-5) is divided by 8.
6
Let p be (-3)/2*2 - -43. Suppose -4*y = -p - 40. Suppose 3*m + 2*m - y = 0, 0 = h + 3*m - 67. Calculate the remainder when h is divided by 19.
17
Suppose -5*k + 4 = -6. Let g = 112 + -64. Suppose n - g = -k*n. What is the remainder when 31 is divided by n?
15
Let j(c) = -c + 35. What is the remainder when j(0) is divided by (-150)/(-8) + 12/(-16)?
17
Suppose -4*r - 4*y + 24 = 0, -5 = -r - 5*y + 9. Let j(f) = f**3 - 3*f**2 + f - 2. Suppose -3*d - 7 = -37. What is the remainder when j(r) is divided by d?
8
Let f(a) = 3*a**2 - 4*a - 3. Let l be (-1)/(1/3) + 1. Calculate the remainder when 32 is divided by f(l).
15
Let y(v) = -v**3 + 5*v**2 + 6*v. Suppose -4*i + 35 - 11 = 0. Let d be y(i). What is the remainder when (d - -2)*(-57)/(-6) is divided by 5?
4
Let q be (-3)/(-3*(-2 - -3)). Let x = 8 - q. Calculate the remainder when 13 is divided by x.
6
Suppose -4*a - 3*k + 93 = 0, k + 2*k - 30 = -a. What is the remainder when a is divided by 8?
5
Let x(y) = y + 2. Suppose -5*o + 3*p + 38 = 5*p, -3*p - 18 = -5*o. Calculate the remainder when 29 is divided by x(o).
5
Suppose -4*l - 5*o = -31, -2*o + 10 = -3*l + 39. Calculate the remainder when l is divided by 7.
2
Suppose q + x = 3, -5*x - 26 = -4*q - 2*x. Calculate the remainder when 13 is divided by q.
3
What is the remainder when 1027/26*2/1 is divided by 16?
15
Let t(x) = 6*x**3 + 2*x**2 - x. Calculate the remainder when 20 is divided by t(1).
6
Let t = 11 - 6. Let g(d) = d**3 + 8*d**2 - 9*d + 3. Calculate the remainder when t is divided by g(-9).
2
Suppose -2*u + 8 - 6 = 0. Let i = 13 + -1. Let n = i + u. What is the remainder when 25 is divided by n?
12
Let w be (9/27)/(2/(-6)). Calculate the remainder when 68 is divided by 46*(12/8 + w).
22
Suppose -2*w = -17 - 25. Let d(p) = 3*p - 12. Calculate the remainder when w is divided by d(6).
3
Let a = 5 + -3. Calculate the remainder when 7 is divided by a.
1
Suppose -2*r = -r - 6. Let i(t) = t**2 - 6*t + 9. Let u be i(r). Suppose 4*w = 11 + u. What is the remainder when w is divided by 3?
2
Let f(g) = -g**3 + 17 + g - 3*g**2 + 0*g**2 + 2*g**2. Suppose 0 = 7*q - 3*q - 196. Calculate the remainder when q is divided by f(0).
15
Let c be 1 - 1 - -1 - -44. Suppose -4*d - d + c = 0. What is the remainder when 17 is divided by d?
8
Let c(i) = 5*i**3 - 3*i**2 + i + 2. Calculate the remainder when 51 is divided by c(2).
19
Let h = 35 + -16. Calculate the remainder when h is divided by 7.
5
Let o(v) = -2*v + 2. What is the remainder when o(-15) is divided by 7?
4
Let p(y) = -y**3 - 6*y**2 + 5*y + 8. Calculate the remainder when p(-7) is divided by (8/(-6))/(2/(-18)).
10
Suppose 0 = -15*j + 12*j + 99. Calculate the remainder when 97 is divided by j.
31
Let x(b) = 6*b - 13. Let s be x(9). Suppose 4*g = 5*g - s. Calculate the remainder when g is divided by 14.
13
Let k = 102 - 38. Suppose -f - 2 = 0, 4*p + f + k = 274. Calculate the remainder when p is divided by 14.
11
What is the remainder when 6/(-5)*245/(-14) is divided by 14?
7
Suppose -12 - 30 = -3*k. What is the remainder when 26 is divided by k?
12
Let o = -2 - -3. Calculate the remainder when 6/15 - 18/(-30) is divided by o.
0
Suppose 0 = 2*a - 0*a - 8. Suppose 5*x - 3*b = 62 + 2, -22 = -x - a*b. What is the remainder when 54 is divided by x?
12
Calculate the remainder when (-2)/4 + (-90)/(-20) is divided by 2.
0
Calculate the remainder when 7 is divided by 0 + (-3 - (-3 - 2)).
1
Let d(h) = 0*h + h - 2 - h**2 + 4*h. Let z = 4 - 1. What is the remainder when d(3) is divided by z?
1
Let c(n) = -26*n - 57. Calculate the remainder when c(-4) is divided by 26.
21
Suppose -3*k = -7*k + 176. Calculate the remainder when k is divided by 23.
21
Let y = 14 + -10. Suppose -y*w + h = -9, 0*h + 5*h - 9 = 2*w. Suppose -w*f = 16 - 64. Calculate the remainder when 30 is divided by f.
14
Suppose 1 = -2*b + 3. Let d = -39 - -41. What is the remainder when d is divided by b?
0
Let y = -16 + 58. Suppose 158 = 4*i + y. Calculate the remainder when i is divided by 10.
9
Let y(a) = -10*a - 3. What is the remainder when 50 is divided by y(-2)?
16
Let g be (-18)/8*16/(-3). Let c = -7 + g. What is the remainder when 12 is divided by c?
2
Let y = 83 + -64. Calculate the remainder when 36 is divided by y.
17
Let u be 4/10 + 728/5. Suppose 3*l = u + 13. What is the remainder when l is divided by 18?
17
Suppose -4*a - 3 = 3*s - 2*a, 0 = a. Let y = 5 - 2. What is the remainder when s/(-4) + (-140)/(-16) is divided by y?
0
Let h be (-1)/2*(-3 - -3). Let q = 2 + h. What is the remainder when q is divided by 2?
0
Suppose -3*p - f = -8, -p - 8*f - 16 = -3*f. Let n = -12 + 19. What is the remainder when n is divided by p?
3
Suppose 2*q = -3*q + 65. Let m = -43 + 79. Suppose 13*v = 12*v + m. What is the remainder when v is divided by q?
10
Suppose 0 = 5*u + 4*k - 25, -2*k = -3*u - 0*u - 7. Calculate the remainder when u is divided by (-2)/(-1) - (-2)/(-2).
0
Let j = 0 - -4. Suppose -2*a + j*h = -22, 62 = 4*a - 2*h + 3*h. What is the remainder when a is divided by (-23)/(-3) + (-1)/(-3)?
7
Let v(c) = 9*c - 3. What is the remainder when v(1) is divided by (3/5 - 0)*5?
0
Suppose -3*f = -0*f - 63. What is the remainder when 103 is divided by f?
19
Let u = 6 + 10. Let k = -3 + 9. What is the remainder when u is divided by k?
4
Let p be 9/15 + 12/5. Suppose -2*r = -4*z + 50, 5*z = 6*z - p*r - 5. What is the remainder when z is divided by 5?
4
Let z(u) = 7*u - 5. What is the remainder when 144 is divided by z(6)?
33
What is the remainder when 114 is divided by (3/2)/(30/460)?
22
Let o(t) = -2*t + 6. What is the remainder when 62 is divided by o(-5)?
14
Let q(b) = -b**2 + b + 10. Calculate the remainder when q(0) is divided by 3.
1
Let b(r) = -r**2 + 4*r + 7. Let u be b(5). Let m(g) = -1 + 1 - 3 + 31*g. Calculate the remainder when m(u) is divided by 20.
19
Let m be (-32)/(-14) - 2/7. Suppose 24 = -m*k + 6*k. Calculate the remainder when 10 is divided by k.
4
Let j(t) = -t**2 - 10*t - 6. Let s be j(-9). Suppose -2*b + s = -13. Calculate the remainder when 14 is divided by b.
6
Let h(q) = -q**3 + 8*q**2 - 10*q + 1. Calculate the remainder when 62 is divided by h(6).
10
Let p(b) = -b**2 - 3*b - 2. Let j be p(-2). Let q = 0 - j. Suppose -5*c + 3 = -3*i + 85, q = -3*i - 3*c + 66. What is the remainder when i is divided by 13?
11
Suppose y + 74 = 5*q - 129, 5*q + 3*y = 191. Suppose 5*b - 2*b + 3*k = 75, 0 = 3*b - 4*k - q. Let n = -14 - -25. Calculate the remainder when b is divided by n.
9
Let s = -3 + 8. Suppose s*m - 55 = -0. Suppose -5*o - 5*o + 30 = 0. Calculate the remainder when m is divided by o.
2
Suppose -s + 12 = 2*l, -3*l = 4*s + s - 18. Suppose -a = 6*a - 112. Calculate the remainder when a is divided by l.
4
Let c = 3 + 0. Let 